{"id":2415,"date":"2017-06-15T07:15:28","date_gmt":"2017-06-15T07:15:28","guid":{"rendered":"https:\/\/themegavias.com\/wp\/potisen\/?page_id=2415"},"modified":"2024-03-05T00:05:46","modified_gmt":"2024-03-05T00:05:46","slug":"portfolio-page","status":"publish","type":"page","link":"https:\/\/ibrahimgul.com\/?page_id=2415","title":{"rendered":"Projeler"},"content":{"rendered":"\t\t<div data-elementor-type=\"wp-post\" data-elementor-id=\"2415\" class=\"elementor elementor-2415\">\n\t\t\t\t\t\t<section class=\"elementor-section elementor-top-section elementor-element elementor-element-5f22f8c elementor-section-boxed elementor-section-height-default elementor-section-height-default\" data-id=\"5f22f8c\" data-element_type=\"section\">\n\t\t\t\t\t\t<div class=\"elementor-container elementor-column-gap-default\">\n\t\t\t\t\t<div class=\"elementor-column elementor-col-100 elementor-top-column elementor-element elementor-element-9399eb8\" data-id=\"9399eb8\" data-element_type=\"column\">\n\t\t\t<div class=\"elementor-widget-wrap\">\n\t\t\t\t\t\t\t<\/div>\n\t\t<\/div>\n\t\t\t\t\t<\/div>\n\t\t<\/section>\n\t\t\t\t<\/div>\n\t\t","protected":false},"excerpt":{"rendered":"<p>1 Adet Millet Bah\u00e7esi Yap\u0131ld\u0131 9 Adet Park Revize Edilerek Yenilendi Yakla\u015f\u0131k 50 D\u00f6n\u00fcm Alan \u00dczerinde Motocross Alan\u0131 Yap\u0131lmaya Ba\u015fland\u0131 Belediyemize Ait Parsellere 2500 Ceviz, 500 Badem A\u011fac\u0131, 500 Adet Al\u0131\u00e7 A\u011fac\u0131 Ekimi Yap\u0131ld\u0131 Gazi Abdurrahman Pa\u015fa T\u00fcrbesi \u00c7evre D\u00fczenleme ve Peyzaj \u00c7al\u0131\u015fmas\u0131 Yap\u0131ld\u0131 \u015eehitler Abidesi Depremden Hasar G\u00f6ren Genel Bak\u0131mlar\u0131 Yap\u0131ld\u0131<\/p>\n","protected":false},"author":2,"featured_media":0,"parent":0,"menu_order":0,"comment_status":"closed","ping_status":"closed","template":"","meta":{"footnotes":""},"class_list":["post-2415","page","type-page","status-publish","hentry"],"yoast_head":"<!-- This site is optimized with the Yoast SEO plugin v22.0 - https:\/\/yoast.com\/wordpress\/plugins\/seo\/ -->\n<title>Projeler - \u0130brahim G\u00dcL \/ MHP Belen Belediye Ba\u015fkan Aday\u0131<\/title>\n<meta name=\"robots\" content=\"noindex, follow, max-snippet:-1, max-image-preview:large, max-video-preview:-1\" \/>\n<meta property=\"og:locale\" content=\"tr_TR\" \/>\n<meta property=\"og:type\" content=\"article\" \/>\n<meta property=\"og:title\" content=\"Projeler - \u0130brahim G\u00dcL \/ MHP Belen Belediye Ba\u015fkan Aday\u0131\" \/>\n<meta property=\"og:description\" content=\"1 Adet Millet Bah\u00e7esi Yap\u0131ld\u0131 9 Adet Park Revize Edilerek Yenilendi Yakla\u015f\u0131k 50 D\u00f6n\u00fcm Alan \u00dczerinde Motocross Alan\u0131 Yap\u0131lmaya Ba\u015fland\u0131 Belediyemize Ait Parsellere 2500 Ceviz, 500 Badem A\u011fac\u0131, 500 Adet Al\u0131\u00e7 A\u011fac\u0131 Ekimi Yap\u0131ld\u0131 Gazi Abdurrahman Pa\u015fa T\u00fcrbesi \u00c7evre D\u00fczenleme ve Peyzaj \u00c7al\u0131\u015fmas\u0131 Yap\u0131ld\u0131 \u015eehitler Abidesi Depremden Hasar G\u00f6ren Genel Bak\u0131mlar\u0131 Yap\u0131ld\u0131\" \/>\n<meta property=\"og:url\" content=\"https:\/\/ibrahimgul.com\/?page_id=2415\" \/>\n<meta property=\"og:site_name\" content=\"\u0130brahim G\u00dcL \/ MHP Belen Belediye Ba\u015fkan Aday\u0131\" \/>\n<meta property=\"article:modified_time\" content=\"2024-03-05T00:05:46+00:00\" \/>\n<meta property=\"og:image\" content=\"https:\/\/ibrahimgul.com\/wp-content\/uploads\/2024\/03\/foto1-1.png\" \/>\n<meta name=\"twitter:card\" content=\"summary_large_image\" \/>\n<meta name=\"twitter:label1\" content=\"Tahmini okuma s\u00fcresi\" \/>\n\t<meta name=\"twitter:data1\" content=\"2 dakika\" \/>\n<script type=\"application\/ld+json\" class=\"yoast-schema-graph\">{\"@context\":\"https:\/\/schema.org\",\"@graph\":[{\"@type\":\"WebPage\",\"@id\":\"https:\/\/ibrahimgul.com\/?page_id=2415\",\"url\":\"https:\/\/ibrahimgul.com\/?page_id=2415\",\"name\":\"Projeler - \u0130brahim G\u00dcL \/ MHP Belen Belediye Ba\u015fkan Aday\u0131\",\"isPartOf\":{\"@id\":\"https:\/\/ibrahimgul.com\/#website\"},\"datePublished\":\"2017-06-15T07:15:28+00:00\",\"dateModified\":\"2024-03-05T00:05:46+00:00\",\"breadcrumb\":{\"@id\":\"https:\/\/ibrahimgul.com\/?page_id=2415#breadcrumb\"},\"inLanguage\":\"tr\",\"potentialAction\":[{\"@type\":\"ReadAction\",\"target\":[\"https:\/\/ibrahimgul.com\/?page_id=2415\"]}]},{\"@type\":\"BreadcrumbList\",\"@id\":\"https:\/\/ibrahimgul.com\/?page_id=2415#breadcrumb\",\"itemListElement\":[{\"@type\":\"ListItem\",\"position\":1,\"name\":\"Anasayfa\",\"item\":\"https:\/\/ibrahimgul.com\/\"},{\"@type\":\"ListItem\",\"position\":2,\"name\":\"Projeler\"}]},{\"@type\":\"WebSite\",\"@id\":\"https:\/\/ibrahimgul.com\/#website\",\"url\":\"https:\/\/ibrahimgul.com\/\",\"name\":\"\u0130brahim G\u00dcL \/ MHP Belen Belediye Ba\u015fkan Aday\u0131\",\"description\":\"\",\"potentialAction\":[{\"@type\":\"SearchAction\",\"target\":{\"@type\":\"EntryPoint\",\"urlTemplate\":\"https:\/\/ibrahimgul.com\/?s={search_term_string}\"},\"query-input\":\"required name=search_term_string\"}],\"inLanguage\":\"tr\"}]}<\/script>\n<!-- \/ Yoast SEO plugin. -->","yoast_head_json":{"title":"Projeler - \u0130brahim G\u00dcL \/ MHP Belen Belediye Ba\u015fkan Aday\u0131","robots":{"index":"noindex","follow":"follow","max-snippet":"max-snippet:-1","max-image-preview":"max-image-preview:large","max-video-preview":"max-video-preview:-1"},"og_locale":"tr_TR","og_type":"article","og_title":"Projeler - \u0130brahim G\u00dcL \/ MHP Belen Belediye Ba\u015fkan Aday\u0131","og_description":"1 Adet Millet Bah\u00e7esi Yap\u0131ld\u0131 9 Adet Park Revize Edilerek Yenilendi Yakla\u015f\u0131k 50 D\u00f6n\u00fcm Alan \u00dczerinde Motocross Alan\u0131 Yap\u0131lmaya Ba\u015fland\u0131 Belediyemize Ait Parsellere 2500 Ceviz, 500 Badem A\u011fac\u0131, 500 Adet Al\u0131\u00e7 A\u011fac\u0131 Ekimi Yap\u0131ld\u0131 Gazi Abdurrahman Pa\u015fa T\u00fcrbesi \u00c7evre D\u00fczenleme ve Peyzaj \u00c7al\u0131\u015fmas\u0131 Yap\u0131ld\u0131 \u015eehitler Abidesi Depremden Hasar G\u00f6ren Genel Bak\u0131mlar\u0131 Yap\u0131ld\u0131","og_url":"https:\/\/ibrahimgul.com\/?page_id=2415","og_site_name":"\u0130brahim G\u00dcL \/ MHP Belen Belediye Ba\u015fkan Aday\u0131","article_modified_time":"2024-03-05T00:05:46+00:00","og_image":[{"url":"https:\/\/ibrahimgul.com\/wp-content\/uploads\/2024\/03\/foto1-1.png"}],"twitter_card":"summary_large_image","twitter_misc":{"Tahmini okuma s\u00fcresi":"2 dakika"},"schema":{"@context":"https:\/\/schema.org","@graph":[{"@type":"WebPage","@id":"https:\/\/ibrahimgul.com\/?page_id=2415","url":"https:\/\/ibrahimgul.com\/?page_id=2415","name":"Projeler - \u0130brahim G\u00dcL \/ MHP Belen Belediye Ba\u015fkan Aday\u0131","isPartOf":{"@id":"https:\/\/ibrahimgul.com\/#website"},"datePublished":"2017-06-15T07:15:28+00:00","dateModified":"2024-03-05T00:05:46+00:00","breadcrumb":{"@id":"https:\/\/ibrahimgul.com\/?page_id=2415#breadcrumb"},"inLanguage":"tr","potentialAction":[{"@type":"ReadAction","target":["https:\/\/ibrahimgul.com\/?page_id=2415"]}]},{"@type":"BreadcrumbList","@id":"https:\/\/ibrahimgul.com\/?page_id=2415#breadcrumb","itemListElement":[{"@type":"ListItem","position":1,"name":"Anasayfa","item":"https:\/\/ibrahimgul.com\/"},{"@type":"ListItem","position":2,"name":"Projeler"}]},{"@type":"WebSite","@id":"https:\/\/ibrahimgul.com\/#website","url":"https:\/\/ibrahimgul.com\/","name":"\u0130brahim G\u00dcL \/ MHP Belen Belediye Ba\u015fkan Aday\u0131","description":"","potentialAction":[{"@type":"SearchAction","target":{"@type":"EntryPoint","urlTemplate":"https:\/\/ibrahimgul.com\/?s={search_term_string}"},"query-input":"required name=search_term_string"}],"inLanguage":"tr"}]}},"_links":{"self":[{"href":"https:\/\/ibrahimgul.com\/index.php?rest_route=\/wp\/v2\/pages\/2415","targetHints":{"allow":["GET"]}}],"collection":[{"href":"https:\/\/ibrahimgul.com\/index.php?rest_route=\/wp\/v2\/pages"}],"about":[{"href":"https:\/\/ibrahimgul.com\/index.php?rest_route=\/wp\/v2\/types\/page"}],"author":[{"embeddable":true,"href":"https:\/\/ibrahimgul.com\/index.php?rest_route=\/wp\/v2\/users\/2"}],"replies":[{"embeddable":true,"href":"https:\/\/ibrahimgul.com\/index.php?rest_route=%2Fwp%2Fv2%2Fcomments&post=2415"}],"version-history":[{"count":8,"href":"https:\/\/ibrahimgul.com\/index.php?rest_route=\/wp\/v2\/pages\/2415\/revisions"}],"predecessor-version":[{"id":7204,"href":"https:\/\/ibrahimgul.com\/index.php?rest_route=\/wp\/v2\/pages\/2415\/revisions\/7204"}],"wp:attachment":[{"href":"https:\/\/ibrahimgul.com\/index.php?rest_route=%2Fwp%2Fv2%2Fmedia&parent=2415"}],"curies":[{"name":"wp","href":"https:\/\/api.w.org\/{rel}","templated":true}]}}