{"id":506,"date":"2016-03-04T02:30:30","date_gmt":"2016-03-04T02:30:30","guid":{"rendered":"https:\/\/themegavias.com\/wp\/potisen\/?page_id=506"},"modified":"2024-03-05T00:48:26","modified_gmt":"2024-03-05T00:48:26","slug":"news","status":"publish","type":"page","link":"https:\/\/ibrahimgul.com\/?page_id=506","title":{"rendered":"Haberler"},"content":{"rendered":"\t\t<div data-elementor-type=\"wp-post\" data-elementor-id=\"506\" class=\"elementor elementor-506\">\n\t\t\t\t\t\t<section class=\"elementor-section elementor-top-section elementor-element elementor-element-4d2980f elementor-section-boxed elementor-section-height-default elementor-section-height-default\" data-id=\"4d2980f\" data-element_type=\"section\">\n\t\t\t\t\t\t<div class=\"elementor-container elementor-column-gap-default\">\n\t\t\t\t\t<div class=\"elementor-column elementor-col-100 elementor-top-column elementor-element elementor-element-cc38b96\" data-id=\"cc38b96\" data-element_type=\"column\">\n\t\t\t<div class=\"elementor-widget-wrap\">\n\t\t\t\t\t\t\t<\/div>\n\t\t<\/div>\n\t\t\t\t\t<\/div>\n\t\t<\/section>\n\t\t\t\t<\/div>\n\t\t","protected":false},"excerpt":{"rendered":"<p>Mart 5, 2024 \u015eevket \u00c7al\u0131\u015fkan \u0130lk\u00f6\u011fretim Okulu Bah\u00e7esine \u00c7evre D\u00fczenlemesi Yap\u0131ld\u0131 Read more Mart 5, 2024 Belediyemize Ait Parsellere 2500 Ceviz, 500 Badem A\u011fac\u0131, 500 Adet Al\u0131\u00e7 A\u011fac\u0131 Ekimi Yap\u0131ld\u0131 Read more Mart 5, 2024 Gazi Abdurrahman Pa\u015fa T\u00fcrbesi \u00c7evre D\u00fczenleme ve Peyzaj \u00c7al\u0131\u015fmas\u0131 Yap\u0131ld\u0131 Read more Mart 5, 2024 \u00d6ten\u00e7ay Mahallesine 450 M\u00b2 Kapal\u0131<\/p>\n","protected":false},"author":2,"featured_media":0,"parent":0,"menu_order":0,"comment_status":"closed","ping_status":"closed","template":"","meta":{"footnotes":""},"class_list":["post-506","page","type-page","status-publish","hentry"],"yoast_head":"<!-- This site is optimized with the Yoast SEO plugin v22.0 - https:\/\/yoast.com\/wordpress\/plugins\/seo\/ -->\n<title>Haberler - \u0130brahim G\u00dcL \/ MHP Belen Belediye Ba\u015fkan Aday\u0131<\/title>\n<meta name=\"robots\" content=\"noindex, follow, max-snippet:-1, max-image-preview:large, max-video-preview:-1\" \/>\n<meta property=\"og:locale\" content=\"tr_TR\" \/>\n<meta property=\"og:type\" content=\"article\" \/>\n<meta property=\"og:title\" content=\"Haberler - \u0130brahim G\u00dcL \/ MHP Belen Belediye Ba\u015fkan Aday\u0131\" \/>\n<meta property=\"og:description\" content=\"Mart 5, 2024 \u015eevket \u00c7al\u0131\u015fkan \u0130lk\u00f6\u011fretim Okulu Bah\u00e7esine \u00c7evre D\u00fczenlemesi Yap\u0131ld\u0131 Read more Mart 5, 2024 Belediyemize Ait Parsellere 2500 Ceviz, 500 Badem A\u011fac\u0131, 500 Adet Al\u0131\u00e7 A\u011fac\u0131 Ekimi Yap\u0131ld\u0131 Read more Mart 5, 2024 Gazi Abdurrahman Pa\u015fa T\u00fcrbesi \u00c7evre D\u00fczenleme ve Peyzaj \u00c7al\u0131\u015fmas\u0131 Yap\u0131ld\u0131 Read more Mart 5, 2024 \u00d6ten\u00e7ay Mahallesine 450 M\u00b2 Kapal\u0131\" \/>\n<meta property=\"og:url\" content=\"https:\/\/ibrahimgul.com\/?page_id=506\" \/>\n<meta property=\"og:site_name\" content=\"\u0130brahim G\u00dcL \/ MHP Belen Belediye Ba\u015fkan Aday\u0131\" \/>\n<meta property=\"article:modified_time\" content=\"2024-03-05T00:48:26+00:00\" \/>\n<meta property=\"og:image\" content=\"https:\/\/ibrahimgul.com\/wp-content\/uploads\/2024\/03\/foto4.png\" \/>\n<meta name=\"twitter:card\" content=\"summary_large_image\" \/>\n<meta name=\"twitter:label1\" content=\"Tahmini okuma s\u00fcresi\" \/>\n\t<meta name=\"twitter:data1\" content=\"2 dakika\" \/>\n<script type=\"application\/ld+json\" class=\"yoast-schema-graph\">{\"@context\":\"https:\/\/schema.org\",\"@graph\":[{\"@type\":\"WebPage\",\"@id\":\"https:\/\/ibrahimgul.com\/?page_id=506\",\"url\":\"https:\/\/ibrahimgul.com\/?page_id=506\",\"name\":\"Haberler - \u0130brahim G\u00dcL \/ MHP Belen Belediye Ba\u015fkan Aday\u0131\",\"isPartOf\":{\"@id\":\"https:\/\/ibrahimgul.com\/#website\"},\"datePublished\":\"2016-03-04T02:30:30+00:00\",\"dateModified\":\"2024-03-05T00:48:26+00:00\",\"breadcrumb\":{\"@id\":\"https:\/\/ibrahimgul.com\/?page_id=506#breadcrumb\"},\"inLanguage\":\"tr\",\"potentialAction\":[{\"@type\":\"ReadAction\",\"target\":[\"https:\/\/ibrahimgul.com\/?page_id=506\"]}]},{\"@type\":\"BreadcrumbList\",\"@id\":\"https:\/\/ibrahimgul.com\/?page_id=506#breadcrumb\",\"itemListElement\":[{\"@type\":\"ListItem\",\"position\":1,\"name\":\"Anasayfa\",\"item\":\"https:\/\/ibrahimgul.com\/\"},{\"@type\":\"ListItem\",\"position\":2,\"name\":\"Haberler\"}]},{\"@type\":\"WebSite\",\"@id\":\"https:\/\/ibrahimgul.com\/#website\",\"url\":\"https:\/\/ibrahimgul.com\/\",\"name\":\"\u0130brahim G\u00dcL \/ MHP Belen Belediye Ba\u015fkan Aday\u0131\",\"description\":\"\",\"potentialAction\":[{\"@type\":\"SearchAction\",\"target\":{\"@type\":\"EntryPoint\",\"urlTemplate\":\"https:\/\/ibrahimgul.com\/?s={search_term_string}\"},\"query-input\":\"required name=search_term_string\"}],\"inLanguage\":\"tr\"}]}<\/script>\n<!-- \/ Yoast SEO plugin. -->","yoast_head_json":{"title":"Haberler - \u0130brahim G\u00dcL \/ MHP Belen Belediye Ba\u015fkan Aday\u0131","robots":{"index":"noindex","follow":"follow","max-snippet":"max-snippet:-1","max-image-preview":"max-image-preview:large","max-video-preview":"max-video-preview:-1"},"og_locale":"tr_TR","og_type":"article","og_title":"Haberler - \u0130brahim G\u00dcL \/ MHP Belen Belediye Ba\u015fkan Aday\u0131","og_description":"Mart 5, 2024 \u015eevket \u00c7al\u0131\u015fkan \u0130lk\u00f6\u011fretim Okulu Bah\u00e7esine \u00c7evre D\u00fczenlemesi Yap\u0131ld\u0131 Read more Mart 5, 2024 Belediyemize Ait Parsellere 2500 Ceviz, 500 Badem A\u011fac\u0131, 500 Adet Al\u0131\u00e7 A\u011fac\u0131 Ekimi Yap\u0131ld\u0131 Read more Mart 5, 2024 Gazi Abdurrahman Pa\u015fa T\u00fcrbesi \u00c7evre D\u00fczenleme ve Peyzaj \u00c7al\u0131\u015fmas\u0131 Yap\u0131ld\u0131 Read more Mart 5, 2024 \u00d6ten\u00e7ay Mahallesine 450 M\u00b2 Kapal\u0131","og_url":"https:\/\/ibrahimgul.com\/?page_id=506","og_site_name":"\u0130brahim G\u00dcL \/ MHP Belen Belediye Ba\u015fkan Aday\u0131","article_modified_time":"2024-03-05T00:48:26+00:00","og_image":[{"url":"https:\/\/ibrahimgul.com\/wp-content\/uploads\/2024\/03\/foto4.png"}],"twitter_card":"summary_large_image","twitter_misc":{"Tahmini okuma s\u00fcresi":"2 dakika"},"schema":{"@context":"https:\/\/schema.org","@graph":[{"@type":"WebPage","@id":"https:\/\/ibrahimgul.com\/?page_id=506","url":"https:\/\/ibrahimgul.com\/?page_id=506","name":"Haberler - \u0130brahim G\u00dcL \/ MHP Belen Belediye Ba\u015fkan Aday\u0131","isPartOf":{"@id":"https:\/\/ibrahimgul.com\/#website"},"datePublished":"2016-03-04T02:30:30+00:00","dateModified":"2024-03-05T00:48:26+00:00","breadcrumb":{"@id":"https:\/\/ibrahimgul.com\/?page_id=506#breadcrumb"},"inLanguage":"tr","potentialAction":[{"@type":"ReadAction","target":["https:\/\/ibrahimgul.com\/?page_id=506"]}]},{"@type":"BreadcrumbList","@id":"https:\/\/ibrahimgul.com\/?page_id=506#breadcrumb","itemListElement":[{"@type":"ListItem","position":1,"name":"Anasayfa","item":"https:\/\/ibrahimgul.com\/"},{"@type":"ListItem","position":2,"name":"Haberler"}]},{"@type":"WebSite","@id":"https:\/\/ibrahimgul.com\/#website","url":"https:\/\/ibrahimgul.com\/","name":"\u0130brahim G\u00dcL \/ MHP Belen Belediye Ba\u015fkan Aday\u0131","description":"","potentialAction":[{"@type":"SearchAction","target":{"@type":"EntryPoint","urlTemplate":"https:\/\/ibrahimgul.com\/?s={search_term_string}"},"query-input":"required name=search_term_string"}],"inLanguage":"tr"}]}},"_links":{"self":[{"href":"https:\/\/ibrahimgul.com\/index.php?rest_route=\/wp\/v2\/pages\/506","targetHints":{"allow":["GET"]}}],"collection":[{"href":"https:\/\/ibrahimgul.com\/index.php?rest_route=\/wp\/v2\/pages"}],"about":[{"href":"https:\/\/ibrahimgul.com\/index.php?rest_route=\/wp\/v2\/types\/page"}],"author":[{"embeddable":true,"href":"https:\/\/ibrahimgul.com\/index.php?rest_route=\/wp\/v2\/users\/2"}],"replies":[{"embeddable":true,"href":"https:\/\/ibrahimgul.com\/index.php?rest_route=%2Fwp%2Fv2%2Fcomments&post=506"}],"version-history":[{"count":5,"href":"https:\/\/ibrahimgul.com\/index.php?rest_route=\/wp\/v2\/pages\/506\/revisions"}],"predecessor-version":[{"id":7242,"href":"https:\/\/ibrahimgul.com\/index.php?rest_route=\/wp\/v2\/pages\/506\/revisions\/7242"}],"wp:attachment":[{"href":"https:\/\/ibrahimgul.com\/index.php?rest_route=%2Fwp%2Fv2%2Fmedia&parent=506"}],"curies":[{"name":"wp","href":"https:\/\/api.w.org\/{rel}","templated":true}]}}