{"id":612,"date":"2016-03-07T03:11:04","date_gmt":"2016-03-07T03:11:04","guid":{"rendered":"https:\/\/themegavias.com\/wp\/potisen\/?page_id=612"},"modified":"2024-03-04T23:32:29","modified_gmt":"2024-03-04T23:32:29","slug":"about-page","status":"publish","type":"page","link":"https:\/\/ibrahimgul.com\/?page_id=612","title":{"rendered":"Hakk\u0131mda"},"content":{"rendered":"\t\t<div data-elementor-type=\"wp-post\" data-elementor-id=\"612\" class=\"elementor elementor-612\">\n\t\t\t\t\t\t<section class=\"elementor-section elementor-top-section elementor-element elementor-element-1a90327 elementor-section-boxed elementor-section-height-default elementor-section-height-default\" data-id=\"1a90327\" data-element_type=\"section\" data-settings=\"{&quot;background_background&quot;:&quot;classic&quot;}\">\n\t\t\t\t\t\t<div class=\"elementor-container elementor-column-gap-default\">\n\t\t\t\t\t<div class=\"elementor-column elementor-col-100 elementor-top-column elementor-element elementor-element-f23e42a\" data-id=\"f23e42a\" data-element_type=\"column\">\n\t\t\t<div class=\"elementor-widget-wrap elementor-element-populated\">\n\t\t\t\t\t\t<div class=\"elementor-element elementor-element-7cee5a3 elementor-widget elementor-widget-image\" data-id=\"7cee5a3\" data-element_type=\"widget\" data-settings=\"{&quot;vlt_wow_animation_name&quot;:&quot;none&quot;}\" data-widget_type=\"image.default\">\n\t\t\t\t<div class=\"elementor-widget-container\">\n\t\t\t\t\t\t\t\t\t\t\t\t\t<img fetchpriority=\"high\" decoding=\"async\" width=\"2560\" height=\"1441\" src=\"https:\/\/ibrahimgul.com\/wp-content\/uploads\/2024\/03\/sonslider.jpg\" class=\"attachment-full size-full wp-image-7105\" alt=\"\" srcset=\"https:\/\/ibrahimgul.com\/wp-content\/uploads\/2024\/03\/sonslider.jpg 2560w, https:\/\/ibrahimgul.com\/wp-content\/uploads\/2024\/03\/sonslider-1024x576.jpg 1024w, https:\/\/ibrahimgul.com\/wp-content\/uploads\/2024\/03\/sonslider-768x432.jpg 768w, https:\/\/ibrahimgul.com\/wp-content\/uploads\/2024\/03\/sonslider-1536x865.jpg 1536w, https:\/\/ibrahimgul.com\/wp-content\/uploads\/2024\/03\/sonslider-2048x1153.jpg 2048w\" sizes=\"(max-width: 2560px) 100vw, 2560px\" \/>\t\t\t\t\t\t\t\t\t\t\t\t\t<\/div>\n\t\t\t\t<\/div>\n\t\t\t\t<div class=\"elementor-element elementor-element-6bb71dc elementor-widget elementor-widget-spacer\" data-id=\"6bb71dc\" data-element_type=\"widget\" data-settings=\"{&quot;vlt_wow_animation_name&quot;:&quot;none&quot;}\" data-widget_type=\"spacer.default\">\n\t\t\t\t<div class=\"elementor-widget-container\">\n\t\t\t\t\t<div class=\"elementor-spacer\">\n\t\t\t<div class=\"elementor-spacer-inner\"><\/div>\n\t\t<\/div>\n\t\t\t\t<\/div>\n\t\t\t\t<\/div>\n\t\t\t\t<div class=\"elementor-element elementor-element-79d1854 elementor-widget__width-initial elementor-view-default elementor-widget elementor-widget-icon\" data-id=\"79d1854\" data-element_type=\"widget\" data-settings=\"{&quot;vlt_wow_animation_name&quot;:&quot;none&quot;}\" data-widget_type=\"icon.default\">\n\t\t\t\t<div class=\"elementor-widget-container\">\n\t\t\t\t\t<div class=\"elementor-icon-wrapper\">\n\t\t\t<a class=\"elementor-icon\" href=\"https:\/\/twitter.com\/ibrahimgulMHP?ref_src=twsrc%5Egoogle%7Ctwcamp%5Eserp%7Ctwgr%5Eauthor\">\n\t\t\t<i aria-hidden=\"true\" class=\"fab fa-twitter\"><\/i>\t\t\t<\/a>\n\t\t<\/div>\n\t\t\t\t<\/div>\n\t\t\t\t<\/div>\n\t\t\t\t<div class=\"elementor-element elementor-element-d2a7ed5 elementor-widget__width-initial elementor-view-default elementor-widget elementor-widget-icon\" data-id=\"d2a7ed5\" data-element_type=\"widget\" data-settings=\"{&quot;vlt_wow_animation_name&quot;:&quot;none&quot;}\" data-widget_type=\"icon.default\">\n\t\t\t\t<div class=\"elementor-widget-container\">\n\t\t\t\t\t<div class=\"elementor-icon-wrapper\">\n\t\t\t<a class=\"elementor-icon elementor-animation-grow\" href=\"https:\/\/www.facebook.com\/ibrgl\/?locale=tr_TR\">\n\t\t\t<i aria-hidden=\"true\" class=\"fab fa-facebook\"><\/i>\t\t\t<\/a>\n\t\t<\/div>\n\t\t\t\t<\/div>\n\t\t\t\t<\/div>\n\t\t\t\t<div class=\"elementor-element elementor-element-07157c1 elementor-widget__width-initial elementor-view-default elementor-widget elementor-widget-icon\" data-id=\"07157c1\" data-element_type=\"widget\" data-settings=\"{&quot;vlt_wow_animation_name&quot;:&quot;none&quot;}\" data-widget_type=\"icon.default\">\n\t\t\t\t<div class=\"elementor-widget-container\">\n\t\t\t\t\t<div class=\"elementor-icon-wrapper\">\n\t\t\t<a class=\"elementor-icon elementor-animation-grow\" href=\"https:\/\/www.instagram.com\/ibrahimgulmhp?utm_source=ig_web_button_share_sheet&#038;igsh=ZDNlZDc0MzIxNw==\">\n\t\t\t<i aria-hidden=\"true\" class=\"fab fa-instagram\"><\/i>\t\t\t<\/a>\n\t\t<\/div>\n\t\t\t\t<\/div>\n\t\t\t\t<\/div>\n\t\t\t\t\t<\/div>\n\t\t<\/div>\n\t\t\t\t\t<\/div>\n\t\t<\/section>\n\t\t\t\t<\/div>\n\t\t","protected":false},"excerpt":{"rendered":"<p>BELEN BELED\u0130YE BA\u015eKANI \u0130BRAH\u0130M G\u00dcL \u0130brahim G\u00fcl, 1973 y\u0131l\u0131nda Hatay&#8217;da d\u00fcnyaya geldi. E\u011fitimini Mustafa Kemal \u00dcniversitesi Makine Resim Konstr\u00fcksiyon B\u00f6l\u00fcm\u00fc&#8217;nde tamamlad\u0131 ve ard\u0131ndan \u015eehir Planlama ve Tasar\u0131m E\u011fitimi ald\u0131. \u0130\u015f hayat\u0131na aile \u015firketinde ba\u015flad\u0131 ve Gemi Acenteli\u011fi, Toplu Ta\u015f\u0131mac\u0131l\u0131k, \u0130\u015f Makineleri Kiralama ve Temizlik gibi \u00e7e\u015fitli alanlarda faaliyet g\u00f6steren bir \u015firketin orta\u011f\u0131 olarak \u00e7al\u0131\u015ft\u0131. Ayn\u0131<\/p>\n","protected":false},"author":2,"featured_media":0,"parent":0,"menu_order":0,"comment_status":"closed","ping_status":"closed","template":"","meta":{"footnotes":""},"class_list":["post-612","page","type-page","status-publish","hentry"],"yoast_head":"<!-- This site is optimized with the Yoast SEO plugin v22.0 - https:\/\/yoast.com\/wordpress\/plugins\/seo\/ -->\n<title>Hakk\u0131mda - \u0130brahim G\u00dcL \/ MHP Belen Belediye Ba\u015fkan Aday\u0131<\/title>\n<meta name=\"robots\" content=\"noindex, follow, max-snippet:-1, max-image-preview:large, max-video-preview:-1\" \/>\n<meta property=\"og:locale\" content=\"tr_TR\" \/>\n<meta property=\"og:type\" content=\"article\" \/>\n<meta property=\"og:title\" content=\"Hakk\u0131mda - \u0130brahim G\u00dcL \/ MHP Belen Belediye Ba\u015fkan Aday\u0131\" \/>\n<meta property=\"og:description\" content=\"BELEN BELED\u0130YE BA\u015eKANI \u0130BRAH\u0130M G\u00dcL \u0130brahim G\u00fcl, 1973 y\u0131l\u0131nda Hatay&#8217;da d\u00fcnyaya geldi. E\u011fitimini Mustafa Kemal \u00dcniversitesi Makine Resim Konstr\u00fcksiyon B\u00f6l\u00fcm\u00fc&#8217;nde tamamlad\u0131 ve ard\u0131ndan \u015eehir Planlama ve Tasar\u0131m E\u011fitimi ald\u0131. \u0130\u015f hayat\u0131na aile \u015firketinde ba\u015flad\u0131 ve Gemi Acenteli\u011fi, Toplu Ta\u015f\u0131mac\u0131l\u0131k, \u0130\u015f Makineleri Kiralama ve Temizlik gibi \u00e7e\u015fitli alanlarda faaliyet g\u00f6steren bir \u015firketin orta\u011f\u0131 olarak \u00e7al\u0131\u015ft\u0131. Ayn\u0131\" \/>\n<meta property=\"og:url\" content=\"https:\/\/ibrahimgul.com\/?page_id=612\" \/>\n<meta property=\"og:site_name\" content=\"\u0130brahim G\u00dcL \/ MHP Belen Belediye Ba\u015fkan Aday\u0131\" \/>\n<meta property=\"article:modified_time\" content=\"2024-03-04T23:32:29+00:00\" \/>\n<meta property=\"og:image\" content=\"https:\/\/ibrahimgul.com\/wp-content\/uploads\/2024\/03\/sonslider.jpg\" \/>\n<meta name=\"twitter:card\" content=\"summary_large_image\" \/>\n<meta name=\"twitter:label1\" content=\"Tahmini okuma s\u00fcresi\" \/>\n\t<meta name=\"twitter:data1\" content=\"2 dakika\" \/>\n<script type=\"application\/ld+json\" class=\"yoast-schema-graph\">{\"@context\":\"https:\/\/schema.org\",\"@graph\":[{\"@type\":\"WebPage\",\"@id\":\"https:\/\/ibrahimgul.com\/?page_id=612\",\"url\":\"https:\/\/ibrahimgul.com\/?page_id=612\",\"name\":\"Hakk\u0131mda - \u0130brahim G\u00dcL \/ MHP Belen Belediye Ba\u015fkan Aday\u0131\",\"isPartOf\":{\"@id\":\"https:\/\/ibrahimgul.com\/#website\"},\"datePublished\":\"2016-03-07T03:11:04+00:00\",\"dateModified\":\"2024-03-04T23:32:29+00:00\",\"breadcrumb\":{\"@id\":\"https:\/\/ibrahimgul.com\/?page_id=612#breadcrumb\"},\"inLanguage\":\"tr\",\"potentialAction\":[{\"@type\":\"ReadAction\",\"target\":[\"https:\/\/ibrahimgul.com\/?page_id=612\"]}]},{\"@type\":\"BreadcrumbList\",\"@id\":\"https:\/\/ibrahimgul.com\/?page_id=612#breadcrumb\",\"itemListElement\":[{\"@type\":\"ListItem\",\"position\":1,\"name\":\"Anasayfa\",\"item\":\"https:\/\/ibrahimgul.com\/\"},{\"@type\":\"ListItem\",\"position\":2,\"name\":\"Hakk\u0131mda\"}]},{\"@type\":\"WebSite\",\"@id\":\"https:\/\/ibrahimgul.com\/#website\",\"url\":\"https:\/\/ibrahimgul.com\/\",\"name\":\"\u0130brahim G\u00dcL \/ MHP Belen Belediye Ba\u015fkan Aday\u0131\",\"description\":\"\",\"potentialAction\":[{\"@type\":\"SearchAction\",\"target\":{\"@type\":\"EntryPoint\",\"urlTemplate\":\"https:\/\/ibrahimgul.com\/?s={search_term_string}\"},\"query-input\":\"required name=search_term_string\"}],\"inLanguage\":\"tr\"}]}<\/script>\n<!-- \/ Yoast SEO plugin. -->","yoast_head_json":{"title":"Hakk\u0131mda - \u0130brahim G\u00dcL \/ MHP Belen Belediye Ba\u015fkan Aday\u0131","robots":{"index":"noindex","follow":"follow","max-snippet":"max-snippet:-1","max-image-preview":"max-image-preview:large","max-video-preview":"max-video-preview:-1"},"og_locale":"tr_TR","og_type":"article","og_title":"Hakk\u0131mda - \u0130brahim G\u00dcL \/ MHP Belen Belediye Ba\u015fkan Aday\u0131","og_description":"BELEN BELED\u0130YE BA\u015eKANI \u0130BRAH\u0130M G\u00dcL \u0130brahim G\u00fcl, 1973 y\u0131l\u0131nda Hatay&#8217;da d\u00fcnyaya geldi. E\u011fitimini Mustafa Kemal \u00dcniversitesi Makine Resim Konstr\u00fcksiyon B\u00f6l\u00fcm\u00fc&#8217;nde tamamlad\u0131 ve ard\u0131ndan \u015eehir Planlama ve Tasar\u0131m E\u011fitimi ald\u0131. \u0130\u015f hayat\u0131na aile \u015firketinde ba\u015flad\u0131 ve Gemi Acenteli\u011fi, Toplu Ta\u015f\u0131mac\u0131l\u0131k, \u0130\u015f Makineleri Kiralama ve Temizlik gibi \u00e7e\u015fitli alanlarda faaliyet g\u00f6steren bir \u015firketin orta\u011f\u0131 olarak \u00e7al\u0131\u015ft\u0131. Ayn\u0131","og_url":"https:\/\/ibrahimgul.com\/?page_id=612","og_site_name":"\u0130brahim G\u00dcL \/ MHP Belen Belediye Ba\u015fkan Aday\u0131","article_modified_time":"2024-03-04T23:32:29+00:00","og_image":[{"url":"https:\/\/ibrahimgul.com\/wp-content\/uploads\/2024\/03\/sonslider.jpg"}],"twitter_card":"summary_large_image","twitter_misc":{"Tahmini okuma s\u00fcresi":"2 dakika"},"schema":{"@context":"https:\/\/schema.org","@graph":[{"@type":"WebPage","@id":"https:\/\/ibrahimgul.com\/?page_id=612","url":"https:\/\/ibrahimgul.com\/?page_id=612","name":"Hakk\u0131mda - \u0130brahim G\u00dcL \/ MHP Belen Belediye Ba\u015fkan Aday\u0131","isPartOf":{"@id":"https:\/\/ibrahimgul.com\/#website"},"datePublished":"2016-03-07T03:11:04+00:00","dateModified":"2024-03-04T23:32:29+00:00","breadcrumb":{"@id":"https:\/\/ibrahimgul.com\/?page_id=612#breadcrumb"},"inLanguage":"tr","potentialAction":[{"@type":"ReadAction","target":["https:\/\/ibrahimgul.com\/?page_id=612"]}]},{"@type":"BreadcrumbList","@id":"https:\/\/ibrahimgul.com\/?page_id=612#breadcrumb","itemListElement":[{"@type":"ListItem","position":1,"name":"Anasayfa","item":"https:\/\/ibrahimgul.com\/"},{"@type":"ListItem","position":2,"name":"Hakk\u0131mda"}]},{"@type":"WebSite","@id":"https:\/\/ibrahimgul.com\/#website","url":"https:\/\/ibrahimgul.com\/","name":"\u0130brahim G\u00dcL \/ MHP Belen Belediye Ba\u015fkan Aday\u0131","description":"","potentialAction":[{"@type":"SearchAction","target":{"@type":"EntryPoint","urlTemplate":"https:\/\/ibrahimgul.com\/?s={search_term_string}"},"query-input":"required name=search_term_string"}],"inLanguage":"tr"}]}},"_links":{"self":[{"href":"https:\/\/ibrahimgul.com\/index.php?rest_route=\/wp\/v2\/pages\/612","targetHints":{"allow":["GET"]}}],"collection":[{"href":"https:\/\/ibrahimgul.com\/index.php?rest_route=\/wp\/v2\/pages"}],"about":[{"href":"https:\/\/ibrahimgul.com\/index.php?rest_route=\/wp\/v2\/types\/page"}],"author":[{"embeddable":true,"href":"https:\/\/ibrahimgul.com\/index.php?rest_route=\/wp\/v2\/users\/2"}],"replies":[{"embeddable":true,"href":"https:\/\/ibrahimgul.com\/index.php?rest_route=%2Fwp%2Fv2%2Fcomments&post=612"}],"version-history":[{"count":17,"href":"https:\/\/ibrahimgul.com\/index.php?rest_route=\/wp\/v2\/pages\/612\/revisions"}],"predecessor-version":[{"id":7168,"href":"https:\/\/ibrahimgul.com\/index.php?rest_route=\/wp\/v2\/pages\/612\/revisions\/7168"}],"wp:attachment":[{"href":"https:\/\/ibrahimgul.com\/index.php?rest_route=%2Fwp%2Fv2%2Fmedia&parent=612"}],"curies":[{"name":"wp","href":"https:\/\/api.w.org\/{rel}","templated":true}]}}